er when 677495 is divided by 1519.
21
Calculate the remainder when 4206537 is divided by 145.
87
Calculate the remainder when 471355 is divided by 2579.
1977
What is the remainder when 2463815 is divided by 28649?
1
Calculate the remainder when 1299910 is divided by 58.
14
What is the remainder when 192335917 is divided by 70?
67
What is the remainder when 126531 is divided by 321?
57
What is the remainder when 5930977 is divided by 5244?
13
What is the remainder when 237637 is divided by 16?
5
What is the remainder when 13605754 is divided by 18638?
14
What is the remainder when 78065 is divided by 15041?
2860
Calculate the remainder when 31064 is divided by 348.
92
What is the remainder when 101673 is divided by 2810?
513
Calculate the remainder when 1052188 is divided by 4110.
28
Calculate the remainder when 232480 is divided by 33209.
17
Calculate the remainder when 412589 is divided by 536.
405
What is the remainder when 3461622 is divided by 17?
14
Calculate the remainder when 20761079 is divided by 7.
3
Calculate the remainder when 99023973 is divided by 2407.
2400
What is the remainder when 78415 is divided by 26137?
4
Calculate the remainder when 2465854 is divided by 458.
440
What is the remainder when 907526 is divided by 5186?
5162
Calculate the remainder when 1502159 is divided by 67.
19
What is the remainder when 450071 is divided by 450055?
16
Calculate the remainder when 136848 is divided by 730.
338
Calculate the remainder when 7545567 is divided by 336.
15
What is the remainder when 424451 is divided by 30314?
55
Calculate the remainder when 2082144536 is divided by 106.
104
Calculate the remainder when 8545 is divided by 26.
17
Calculate the remainder when 46387724 is divided by 605.
559
Calculate the remainder when 5224882 is divided by 1301.
66
Calculate the remainder when 2636061 is divided by 19820.
1
What is the remainder when 40900099 is divided by 106?
105
Calculate the remainder when 1898364 is divided by 51.
42
Calculate the remainder when 267846 is divided by 107.
25
Calculate the remainder when 1440615830 is divided by 748.
742
Calculate the remainder when 2085527 is divided by 141.
137
Calculate the remainder when 4848449 is divided by 1417.
892
Calculate the remainder when 1268499 is divided by 1268492.
7
What is the remainder when 446033 is divided by 222994?
45
Calculate the remainder when 20327779 is divided by 3662.
17
Calculate the remainder when 372013416 is divided by 31001118.
0
What is the remainder when 4330326 is divided by 4152?
3942
What is the remainder when 19956011 is divided by 562?
515
Calculate the remainder when 1368913 is divided by 1163.
62
Calculate the remainder when 36624484 is divided by 851.
848
Calculate the remainder when 128337418 is divided by 1259.
1253
What is the remainder when 25830 is divided by 1779?
924
What is the remainder when 117474785 is divided by 78?
77
What is the remainder when 642517 is divided by 160489?
561
Calculate the remainder when 81835 is divided by 810.
25
What is the remainder when 6586 is divided by 642?
166
Calculate the remainder when 51927 is divided by 5683.
780
What is the remainder when 94887107 is divided by 33?
29
What is the remainder when 182549565 is divided by 158?
157
Calculate the remainder when 6002512 is divided by 14.
12
Calculate the remainder when 8024230 is divided by 348878.
36
What is the remainder when 130237 is divided by 261?
259
Calculate the remainder when 1194525 is divided by 491.
413
Calculate the remainder when 153975 is divided by 13987.
118
What is the remainder when 13145842 is divided by 10035?
10027
What is the remainder when 686908 is divided by 4936?
804
What is the remainder when 1101701 is divided by 3600?
101
What is the remainder when 11397435 is divided by 3799138?
21
What is the remainder when 1133803 is divided by 377909?
76
Calculate the remainder when 83812 is divided by 5582.
82
What is the remainder when 3005042 is divided by 24040?
42
Calculate the remainder when 561866 is divided by 140450.
66
Calculate the remainder when 22269 is divided by 4898.
2677
Calculate the remainder when 841331 is divided by 11682.
227
What is the remainder when 73922542 is divided by 162?
160
What is the remainder when 79183 is divided by 1211?
468
Calculate the remainder when 13903509 is divided by 1950.
9
Calculate the remainder when 69549562 is divided by 34774772.
18
What is the remainder when 3301490 is divided by 255?
5
What is the remainder when 11908877 is divided by 825?
2
Calculate the remainder when 112474030 is divided by 4325924.
6
Calculate the remainder when 251212 is divided by 1185.
1177
Calculate the remainder when 40878 is divided by 20184.
510
What is the remainder when 10268 is divided by 1598?
680
What is the remainder when 9485484 is divided by 46046?
8
Calculate the remainder when 5748405 is divided by 574840.
5
Calculate the remainder when 77699 is divided by 2679.
8
What is the remainder when 579850 is divided by 103?
63
Calculate the remainder when 121972005 is divided by 8131467.
0
What is the remainder when 30232 is divided by 14672?
888
Calculate the remainder when 40104 is divided by 494.
90
Calculate the remainder when 155802 is divided by 1039.
991
What is the remainder when 151158 is divided by 938?
140
What is the remainder when 10804901 is divided by 257258?
65
What is the remainder when 64898909 is divided by 5?
4
What is the remainder when 15404077 is divided by 7969?
0
What is the remainder when 12499434 is divided by 164?
10
Calculate the remainder when 189822 is divided by 137.
77
Calculate the remainder when 14298625 is divided by 9.
1
Calculate the remainder when 418699 is divided by 104662.
51
What is the remainder when 5210258 is divided by 20841?
8
Calculate the remainder when 10891119 is divided by 5445527.
65
Calculate the remainder when 4058825 is divided by 3475.
25
What is the remainder when 660342 is divided by 1722?
816
Calculate the remainder when 404670 is divided by 10376.
6
Calculate the remainder when 161539 is divided by 1145.
94
Calculate the remainder when 266555 is divided by 174.
161
Calculate the remainder when 516216 is divided by 32200.
1016
Calculate the remainder when 38777739 is divided by 839.
837
What is the remainder when 14257967 is divided by 51?
50
What is the remainder when 1624544 is divided by 223?
212
Calculate the remainder when 948331 is divided by 473421.
1489
Calculate the remainder when 2441997 is divided by 141.
18
What is the remainder when 361788 is divided by 7697?
29
What is the remainder when 233339 is divided by 11634?
659
Calculate the remainder when 2627702 is divided by 5214.
5060
Calculate the remainder when 462567 is divided by 462544.
23
Calculate the remainder when 24575 is divided by 2219.
166
Calculate the remainder when 273619756 is divided by 20.
16
What is the remainder when 6126253 is divided by 1661?
485
What is the remainder when 587667 is divided by 293825?
17
What is the remainder when 2263297 is divided by 3509?
3501
What is the remainder when 600038 is divided by 217?
33
What is the remainder when 68995311 is divided by 5892?
5883
Calculate the remainder when 45870134 is divided by 2934.
2912
Calculate the remainder when 889322 is divided by 441106.
7110
What is the remainder when 474551 is divided by 4685?
1366
What is the remainder when 391269 is divided by 391213?
56
What is the remainder when 98851899 is divided by 3008?
3003
Calculate the remainder when 423244 is divided by 22273.
57
Calculate the remainder when 9665910 is divided by 4832951.
8
Calculate the remainder when 67325 is divided by 526.
523
Calculate the remainder when 60119893 is divided by 95.
93
Calculate the remainder when 7929912 is divided by 5.
2
Calculate the remainder when 1559652 is divided by 13.
3
What is the remainder when 30680996 is divided by 150?
146
Calculate the remainder when 2078475 is divided by 81.
15
What is the remainder when 717526 is divided by 1188?
1162
What is the remainder when 2099001 is divided by 1049365?
271
Calculate the remainder when 173887 is divided by 254.
151
What is the remainder when 3557323 is divided by 5629?
5424
Calculate the remainder when 124707 is divided by 2662.
2255
What is the remainder when 46